{"id":5,"date":"2024-08-07T09:12:16","date_gmt":"2024-08-07T09:12:16","guid":{"rendered":"https:\/\/okkenobay.no\/?page_id=5"},"modified":"2024-09-23T16:22:53","modified_gmt":"2024-09-23T16:22:53","slug":"forsiden","status":"publish","type":"page","link":"https:\/\/okkenobay.no\/","title":{"rendered":"Forsiden"},"content":{"rendered":"<h1>PRESENTASJON AV OKKEN O.BAY AS<\/h1>\n<h3>Frigj\u00f8r barnets potensiale gjennom lek.<\/h3>\n<h2>BARNS UTVIKLING:<\/h2>\n<div>\n<p>Det er en \u00f8kende erkjennelse av en grunnleggende mangel p\u00e5 kunnskap om barns utvikling blant pedagoger p\u00e5 alle niv\u00e5er, selv blant de s\u00e5kalte ekspertene. Mange ser at det finnes utfordringer og problemer, men l\u00f8sningene uteblir. Utviklingen beveger seg dessverre i feil retning.<\/p>\n<\/div>\n<div>\n<p><span>Selv om vi gjerne skulle sagt noe annet, taler resultatene for seg selv. Det er avgj\u00f8rende \u00e5 reflektere over f\u00f8lgende sp\u00f8rsm\u00e5l:<\/span><\/p>\n<\/div>\n<ul>\n<li>\n<div>\n<div class=\"el-content uk-panel\">Hva er lek?<\/div>\n<\/div>\n<\/li>\n<li>\n<div>\n<div class=\"el-content uk-panel\">Hvorfor er lek viktig for barn?<\/div>\n<\/div>\n<\/li>\n<li>\n<div>\n<div class=\"el-content uk-panel\">Hvordan b\u00f8r barn leke?<\/div>\n<\/div>\n<\/li>\n<\/ul>\n<p><img decoding=\"async\" src=\"\/wp-content\/uploads\/photo-1633425945419-45cc07c6a199-scaled.jpg\" alt=\"\"><br \/>\n<img decoding=\"async\" src=\"\/wp-content\/uploads\/photo-1517164850305-99a3e65bb47e.jpg\" alt=\"\"><\/p>\n<h2>N\u00e5r man bygger et hus<\/h2>\n<div>\n<p>er det avgj\u00f8rende at arbeidet utf\u00f8res i riktig rekkef\u00f8lge. Hvis ikke, kan det fort bli kaos. Dette gjelder ogs\u00e5 for barns utvikling. Vi har noen enkle, men effektive forslag som kan l\u00f8se mange av problemene vi ser i barnehager og skoler \u2013 og ikke minst hjemme.<\/p>\n<\/div>\n<h3>V\u00e5re forslag kan bidra til:<\/h3>\n<ul>\n<li>\n<div>Bedre trivsel<\/div>\n<\/li>\n<li>\n<div>\u00d8kt skolemodning<\/div>\n<\/li>\n<li>\n<div>Reduksjon i ADHD-diagnoser<\/div>\n<\/li>\n<li>\n<div>Mindre behov for spesialoppf\u00f8lging<\/div>\n<\/li>\n<li>\n<div>F\u00e6rre unge p\u00e5 uf\u00f8retrygd<\/div>\n<\/li>\n<li>\n<div>Alternativer til skjermbruk<\/div>\n<\/li>\n<\/ul>\n<p><img decoding=\"async\" src=\"\/wp-content\/uploads\/photo-1502086223501-7ea6ecd79368-scaled.jpg\" alt=\"\"><\/p>\n<div>\n<p>Ved \u00e5 ta disse grepene kan vi skape en hverdag som er mer morsom og meningsfull for b\u00e5de barn og voksne.<\/p>\n<\/div>\n<h1>Forbedring av Leker og Lekeapparater<\/h1>\n<div>\n<p>Ogs\u00e5 dagens fysiske leker og lekeapparater kan forbedres. Vi har mange konkrete forslag som vi mener vil gj\u00f8re en stor forskjell. Vi ser for oss alternativer til de tradisjonelle leker som b\u00e5de stimulerer og gleder barna, samtidig som de fremmer sunn utvikling av b\u00e5de kropp og sinn. Dette kan v\u00e6re et effektivt alternativ til skjermbruk.<\/p>\n<\/div>\n<p><img decoding=\"async\" src=\"\/wp-content\/uploads\/photo-1600620971628-7973f50adccc-scaled.jpg\" alt=\"\"><\/p>\n<h1>Om Okken O.Bay AS<\/h1>\n<h2>Metoden v\u00e5r:<\/h2>\n<div>\n<p>Vi har funnet frem til det vi mener er frilekens svar p\u00e5 oppfinnelsen av hjulet. Dette er basert p\u00e5 ny innsikt i hvordan barn leker og utvikler seg, med et m\u00e5l om \u00e5 forenkle og fornye lekeopplevelsen. Det handler ikke om science fiction, men om \u00e5 bruke sunn fornuft satt i system.<\/p>\n<\/div>\n<div>\n<p>Vi \u00f8nsker \u00e5 skape en morsommere og mer meningsfull hverdag for barn, foreldre og pedagoger, b\u00e5de hjemme, i barnehagen, SFO og skolen \u2013 ute s\u00e5 vel som inne.<\/p>\n<\/div>\n<p><img decoding=\"async\" src=\"\/wp-content\/uploads\/photo-1581092459682-ccfffd6ddc37.jpg\" alt=\"\"><br \/>\n<img decoding=\"async\" src=\"\/wp-content\/uploads\/photo-1577896852336-e749dd04f202.jpg\" alt=\"\"><\/p>\n<h2>Leker og Lekeapparater:<\/h2>\n<div>\n<p>Barn har ofte over 500 leker, men hva trenger de egentlig? Det er et stort behov for bedre kunnskap om hvilke leker som fremmer sunn lek, og hvilke som kanskje bare er rot og un\u00f8dvendig. Vi har utviklet alternative leker og lekekulisser som barna elsker, og som samtidig stimulerer deres kropp og sinn.<\/p>\n<\/div>\n<h2>Alternativ til skjermbruk:<\/h2>\n<div>\n<p>Vi tilbyr l\u00f8sninger som er gunstige for b\u00e5de kropp og sinn, og som gir et meningsfullt alternativ til skjermene som i dag ofte tar for mye oppmerksomhet i barns liv.<\/p>\n<\/div>\n<p><img decoding=\"async\" src=\"\/wp-content\/uploads\/photo-1613950190144-4f2a84c75e8c-scaled.jpg\" alt=\"\"><\/p>\n<h2>Ole Vevik<\/h2>\n<p><img decoding=\"async\" src=\"\/wp-content\/uploads\/2024\/08\/oleVevikProfilBilde.png\" alt=\"\"><\/p>\n<h3>Om meg:<\/h3>\n<div>\n<p>Jeg er en godt voksen mann med bakgrunn som ingeni\u00f8r og erfaring fra oppvekstbransjen, blant annet gjennom 13 \u00e5r med drift av egen familiebarnehage. Jeg er en grunder som brenner for barns utvikling og lek. Med empati, instinkt og intuisjon har jeg utviklet nye l\u00f8sninger som kan forbedre barns lek og trivsel. Mine ideer og visjoner er forankret i en dyp forst\u00e5else av barns behov, og jeg ser p\u00e5 lek som en n\u00f8kkel til sunn utvikling.<\/p>\n<\/div>\n<h3>Kontakt meg p\u00e5:<\/h3>\n<ul>\n<li>\n        <a href=\"mailto:ole.vevik@gmail.com\">ole.vevik@gmail.com<\/a>\n    <\/li>\n<li>\n        <a href=\"tel:93663354\">936 63 354<\/a>\n    <\/li>\n<\/ul>\n<p><!--more--><br \/>\n<!-- {\"type\":\"layout\",\"children\":[{\"type\":\"section\",\"props\":{\"animation\":\"fade\",\"height\":\"viewport\",\"image\":\"wp-content\\\/uploads\\\/background-line-10.svg\",\"image_effect\":\"fixed\",\"image_position\":\"center-center\",\"image_size\":\"contain\",\"media_overlay\":\"rgba(255, 255, 255, 0.96)\",\"style\":\"default\",\"title_breakpoint\":\"xl\",\"title_position\":\"top-left\",\"title_rotation\":\"left\",\"vertical_align\":\"middle\",\"width\":\"default\"},\"children\":[{\"type\":\"row\",\"children\":[{\"type\":\"column\",\"props\":{\"image_position\":\"center-center\",\"position_sticky_breakpoint\":\"m\"},\"children\":[{\"type\":\"headline\",\"props\":{\"content\":\"PRESENTASJON AV OKKEN O.BAY AS\",\"text_align\":\"center\",\"title_element\":\"h1\"}},{\"type\":\"headline\",\"props\":{\"content\":\"Frigj\\u00f8r barnets potensiale gjennom lek.\",\"text_align\":\"center\",\"title_element\":\"h3\"}}]}]}],\"name\":\"Hero\"},{\"type\":\"section\",\"props\":{\"animation\":\"fade\",\"image_position\":\"center-center\",\"style\":\"muted\",\"title_breakpoint\":\"xl\",\"title_position\":\"top-left\",\"title_rotation\":\"left\",\"vertical_align\":\"middle\",\"width\":\"default\"},\"children\":[{\"type\":\"row\",\"children\":[{\"type\":\"column\",\"props\":{\"image_position\":\"center-center\",\"position_sticky_breakpoint\":\"m\"},\"children\":[{\"type\":\"headline\",\"props\":{\"content\":\"BARNS UTVIKLING:\",\"text_align\":\"center\",\"title_element\":\"h2\"}}]}]}],\"name\":\"BARNS UTVIKLING - Header\"},{\"type\":\"section\",\"props\":{\"animation\":\"fade\",\"id\":\"metoden\",\"image_position\":\"center-center\",\"style\":\"default\",\"title_breakpoint\":\"xl\",\"title_position\":\"top-left\",\"title_rotation\":\"left\",\"vertical_align\":\"middle\",\"width\":\"default\"},\"children\":[{\"type\":\"row\",\"children\":[{\"type\":\"column\",\"props\":{\"image_position\":\"center-center\",\"position_sticky_breakpoint\":\"m\"},\"children\":[{\"type\":\"text\",\"props\":{\"column_breakpoint\":\"m\",\"content\":\"\n\n<p>Det er en \\u00f8kende erkjennelse av en grunnleggende mangel p\\u00e5 kunnskap om barns utvikling blant pedagoger p\\u00e5 alle niv\\u00e5er, selv blant de s\\u00e5kalte ekspertene. Mange ser at det finnes utfordringer og problemer, men l\\u00f8sningene uteblir. Utviklingen beveger seg dessverre i feil retning.<\\\/p>\",\"margin\":\"xlarge\",\"margin_remove_bottom\":true,\"text_align\":\"center\",\"text_style\":\"large\"}}]}],\"props\":{\"margin\":\"xlarge\",\"margin_remove_bottom\":false}},{\"type\":\"row\",\"props\":{\"height_viewport\":700,\"layout\":\"1-2,1-2\",\"margin\":\"xlarge\"},\"children\":[{\"type\":\"column\",\"props\":{\"image_position\":\"center-center\",\"position_sticky_breakpoint\":\"m\",\"vertical_align\":\"middle\",\"width_medium\":\"1-2\"},\"children\":[{\"type\":\"text\",\"props\":{\"animation\":\"slide-left\",\"column_breakpoint\":\"m\",\"content\":\"\n\n<p><span>Selv om vi gjerne skulle sagt noe annet, taler resultatene for seg selv. Det er avgj\\u00f8rende \\u00e5 reflektere over f\\u00f8lgende sp\\u00f8rsm\\u00e5l:<\\\/span><\\\/p>\",\"margin\":\"default\"}},{\"type\":\"list\",\"props\":{\"animation\":\"slide-left\",\"column_breakpoint\":\"m\",\"image_align\":\"left\",\"image_svg_color\":\"emphasis\",\"image_vertical_align\":true,\"list_element\":\"ul\",\"list_horizontal_separator\":\", \",\"list_marker\":\"disc\",\"list_type\":\"vertical\",\"show_image\":true,\"show_link\":true},\"children\":[{\"type\":\"list_item\",\"props\":{\"content\":\"\n\n<div class=\\\"el-content uk-panel\\\">Hva er lek?<\\\/div>\"}},{\"type\":\"list_item\",\"props\":{\"content\":\"\n\n<div class=\\\"el-content uk-panel\\\">Hvorfor er lek viktig for barn?<\\\/div>\"}},{\"type\":\"list_item\",\"props\":{\"content\":\"\n\n<div class=\\\"el-content uk-panel\\\">Hvordan b\\u00f8r barn leke?<\\\/div>\"}}]}]},{\"type\":\"column\",\"props\":{\"image_position\":\"center-center\",\"position_sticky_breakpoint\":\"m\",\"width_medium\":\"1-2\"},\"children\":[{\"type\":\"image\",\"props\":{\"animation\":\"slide-right\",\"height_expand\":false,\"image\":\"wp-content\\\/uploads\\\/photo-1633425945419-45cc07c6a199-scaled.jpg\",\"image_border\":\"rounded\",\"image_box_decoration\":\"shadow\",\"image_svg_color\":\"emphasis\",\"image_viewport_height\":false,\"image_width\":400,\"margin\":\"default\",\"text_align\":\"center\"}}]}]}],\"name\":\"BARNS UTVIKLING\"},{\"type\":\"section\",\"props\":{\"animation\":\"fade\",\"height\":\"viewport\",\"id\":\"leker\",\"image_position\":\"center-center\",\"style\":\"default\",\"title_breakpoint\":\"xl\",\"title_position\":\"top-left\",\"title_rotation\":\"left\",\"vertical_align\":\"middle\",\"width\":\"default\"},\"children\":[{\"type\":\"row\",\"props\":{\"layout\":\"1-2,1-2\",\"margin\":\"xlarge\",\"margin_remove_bottom\":true},\"children\":[{\"type\":\"column\",\"props\":{\"image_position\":\"center-center\",\"position_sticky_breakpoint\":\"m\",\"width_medium\":\"1-2\"},\"children\":[{\"type\":\"image\",\"props\":{\"animation\":\"slide-left\",\"image\":\"wp-content\\\/uploads\\\/photo-1517164850305-99a3e65bb47e.jpg\",\"image_border\":\"rounded\",\"image_box_decoration\":\"shadow\",\"image_svg_color\":\"emphasis\",\"image_width\":400,\"margin\":\"default\",\"text_align\":\"center\"}}]},{\"type\":\"column\",\"props\":{\"image_position\":\"center-center\",\"position_sticky_breakpoint\":\"m\",\"vertical_align\":\"middle\",\"width_medium\":\"1-2\"},\"children\":[{\"type\":\"headline\",\"props\":{\"animation\":\"slide-right\",\"content\":\"N\\u00e5r man bygger et hus\",\"title_element\":\"h2\"}},{\"type\":\"text\",\"props\":{\"animation\":\"slide-right\",\"column_breakpoint\":\"m\",\"content\":\"\n\n<p>er det avgj\\u00f8rende at arbeidet utf\\u00f8res i riktig rekkef\\u00f8lge. Hvis ikke, kan det fort bli kaos. Dette gjelder ogs\\u00e5 for barns utvikling. Vi har noen enkle, men effektive forslag som kan l\\u00f8se mange av problemene vi ser i barnehager og skoler \\u2013 og ikke minst hjemme.<\\\/p>\",\"margin\":\"default\"}}]}]},{\"type\":\"row\",\"props\":{\"layout\":\"1-2,1-2\",\"margin\":\"xlarge\",\"margin_remove_bottom\":true},\"children\":[{\"type\":\"column\",\"props\":{\"image_position\":\"center-center\",\"position_sticky_breakpoint\":\"m\",\"width_medium\":\"1-2\"},\"children\":[{\"type\":\"headline\",\"props\":{\"animation\":\"slide-left\",\"content\":\"V\\u00e5re forslag kan bidra til:\",\"title_element\":\"h3\"}},{\"type\":\"list\",\"props\":{\"animation\":\"slide-left\",\"column_breakpoint\":\"m\",\"image_align\":\"left\",\"image_svg_color\":\"emphasis\",\"image_vertical_align\":true,\"list_element\":\"ul\",\"list_horizontal_separator\":\", \",\"list_marker\":\"disc\",\"list_type\":\"vertical\",\"show_image\":true,\"show_link\":true},\"children\":[{\"type\":\"list_item\",\"props\":{\"content\":\"Bedre trivsel\"}},{\"type\":\"list_item\",\"props\":{\"content\":\"\\u00d8kt skolemodning\"}},{\"type\":\"list_item\",\"props\":{\"content\":\"Reduksjon i ADHD-diagnoser\"}},{\"type\":\"list_item\",\"props\":{\"content\":\"Mindre behov for spesialoppf\\u00f8lging\"}},{\"type\":\"list_item\",\"props\":{\"content\":\"F\\u00e6rre unge p\\u00e5 uf\\u00f8retrygd\"}},{\"type\":\"list_item\",\"props\":{\"content\":\"Alternativer til skjermbruk\"}}]}]},{\"type\":\"column\",\"props\":{\"image_position\":\"center-center\",\"position_sticky_breakpoint\":\"m\",\"width_medium\":\"1-2\"},\"children\":[{\"type\":\"image\",\"props\":{\"animation\":\"slide-right\",\"image\":\"wp-content\\\/uploads\\\/photo-1502086223501-7ea6ecd79368-scaled.jpg\",\"image_border\":\"rounded\",\"image_box_decoration\":\"shadow\",\"image_svg_color\":\"emphasis\",\"image_width\":400,\"margin\":\"default\",\"text_align\":\"center\"}}]}]},{\"type\":\"row\",\"children\":[{\"type\":\"column\",\"props\":{\"image_position\":\"center-center\",\"position_sticky_breakpoint\":\"m\"},\"children\":[{\"type\":\"text\",\"props\":{\"column_breakpoint\":\"m\",\"content\":\"\n\n<p>Ved \\u00e5 ta disse grepene kan vi skape en hverdag som er mer morsom og meningsfull for b\\u00e5de barn og voksne.<\\\/p>\",\"margin\":\"default\",\"text_align\":\"center\"}}]}],\"props\":{\"margin\":\"xlarge\"}}],\"name\":\"N\\u00e5r man bygger et hus\"},{\"type\":\"section\",\"props\":{\"animation\":\"fade\",\"image_position\":\"center-center\",\"style\":\"muted\",\"title_breakpoint\":\"xl\",\"title_position\":\"top-left\",\"title_rotation\":\"left\",\"vertical_align\":\"middle\",\"width\":\"default\"},\"children\":[{\"type\":\"row\",\"children\":[{\"type\":\"column\",\"props\":{\"image_position\":\"center-center\",\"position_sticky_breakpoint\":\"m\"},\"children\":[{\"type\":\"headline\",\"props\":{\"content\":\"Forbedring av Leker og Lekeapparater\",\"text_align\":\"center\",\"title_element\":\"h1\"}}]}],\"props\":{\"margin\":\"xlarge\",\"margin_remove_bottom\":false}}],\"name\":\"Forbedring av Leker og Lekeapparater - Header\"},{\"type\":\"section\",\"props\":{\"animation\":\"fade\",\"image_position\":\"center-center\",\"style\":\"default\",\"title_breakpoint\":\"xl\",\"title_position\":\"top-left\",\"title_rotation\":\"left\",\"vertical_align\":\"middle\",\"width\":\"default\"},\"children\":[{\"type\":\"row\",\"props\":{\"layout\":\"1-2,1-2\"},\"children\":[{\"type\":\"column\",\"props\":{\"image_position\":\"center-center\",\"position_sticky_breakpoint\":\"m\",\"vertical_align\":\"middle\",\"width_medium\":\"1-2\"},\"children\":[{\"type\":\"text\",\"props\":{\"animation\":\"slide-left\",\"column_breakpoint\":\"m\",\"content\":\"\n\n<p>Ogs\\u00e5 dagens fysiske leker og lekeapparater kan forbedres. Vi har mange konkrete forslag som vi mener vil gj\\u00f8re en stor forskjell. Vi ser for oss alternativer til de tradisjonelle leker som b\\u00e5de stimulerer og gleder barna, samtidig som de fremmer sunn utvikling av b\\u00e5de kropp og sinn. Dette kan v\\u00e6re et effektivt alternativ til skjermbruk.<\\\/p>\",\"margin\":\"default\"}}]},{\"type\":\"column\",\"props\":{\"image_position\":\"center-center\",\"position_sticky_breakpoint\":\"m\",\"width_medium\":\"1-2\"},\"children\":[{\"type\":\"image\",\"props\":{\"animation\":\"slide-right\",\"image\":\"wp-content\\\/uploads\\\/photo-1600620971628-7973f50adccc-scaled.jpg\",\"image_border\":\"rounded\",\"image_box_decoration\":\"shadow\",\"image_svg_color\":\"emphasis\",\"image_width\":400,\"margin\":\"default\"}}]}]}],\"name\":\"Forbedring av Leker og Lekeapparater\"},{\"type\":\"section\",\"props\":{\"image_position\":\"center-center\",\"style\":\"muted\",\"title_breakpoint\":\"xl\",\"title_position\":\"top-left\",\"title_rotation\":\"left\",\"vertical_align\":\"middle\",\"width\":\"default\"},\"children\":[{\"type\":\"row\",\"children\":[{\"type\":\"column\",\"props\":{\"image_position\":\"center-center\",\"position_sticky_breakpoint\":\"m\"},\"children\":[{\"type\":\"headline\",\"props\":{\"content\":\"Om Okken O.Bay AS\",\"text_align\":\"center\",\"title_element\":\"h1\"}}]}],\"props\":{\"margin\":\"xlarge\",\"margin_remove_bottom\":false}}],\"name\":\"Om Okken O.Bay AS - Header\"},{\"type\":\"section\",\"props\":{\"animation\":\"fade\",\"image_position\":\"center-center\",\"style\":\"default\",\"title_breakpoint\":\"xl\",\"title_position\":\"top-left\",\"title_rotation\":\"left\",\"vertical_align\":\"middle\",\"width\":\"default\"},\"children\":[{\"type\":\"row\",\"props\":{\"layout\":\"1-2,1-2\",\"margin\":\"xlarge\"},\"children\":[{\"type\":\"column\",\"props\":{\"image_position\":\"center-center\",\"position_sticky_breakpoint\":\"m\",\"vertical_align\":\"middle\",\"width_medium\":\"1-2\"},\"children\":[{\"type\":\"headline\",\"props\":{\"animation\":\"slide-left\",\"content\":\"Metoden v\\u00e5r:\",\"title_element\":\"h2\"}},{\"type\":\"text\",\"props\":{\"animation\":\"slide-left\",\"column_breakpoint\":\"m\",\"content\":\"\n\n<p>Vi har funnet frem til det vi mener er frilekens svar p\\u00e5 oppfinnelsen av hjulet. Dette er basert p\\u00e5 ny innsikt i hvordan barn leker og utvikler seg, med et m\\u00e5l om \\u00e5 forenkle og fornye lekeopplevelsen. Det handler ikke om science fiction, men om \\u00e5 bruke sunn fornuft satt i system.<\\\/p>\",\"margin\":\"default\"}},{\"type\":\"text\",\"props\":{\"animation\":\"slide-left\",\"column_breakpoint\":\"m\",\"content\":\"\n\n<p>Vi \\u00f8nsker \\u00e5 skape en morsommere og mer meningsfull hverdag for barn, foreldre og pedagoger, b\\u00e5de hjemme, i barnehagen, SFO og skolen \\u2013 ute s\\u00e5 vel som inne.<\\\/p>\",\"margin\":\"default\"}}]},{\"type\":\"column\",\"props\":{\"image_position\":\"center-center\",\"position_sticky_breakpoint\":\"m\",\"width_medium\":\"1-2\"},\"children\":[{\"type\":\"image\",\"props\":{\"animation\":\"slide-right\",\"image\":\"wp-content\\\/uploads\\\/photo-1581092459682-ccfffd6ddc37.jpg\",\"image_border\":\"rounded\",\"image_box_decoration\":\"shadow\",\"image_svg_color\":\"emphasis\",\"image_width\":400,\"margin\":\"default\",\"text_align\":\"center\"}}]}]},{\"type\":\"row\",\"props\":{\"layout\":\"1-2,1-2\"},\"children\":[{\"type\":\"column\",\"props\":{\"image_position\":\"center-center\",\"position_sticky_breakpoint\":\"m\",\"width_medium\":\"1-2\"},\"children\":[{\"type\":\"image\",\"props\":{\"animation\":\"slide-left\",\"image\":\"wp-content\\\/uploads\\\/photo-1577896852336-e749dd04f202.jpg\",\"image_border\":\"rounded\",\"image_box_decoration\":\"shadow\",\"image_svg_color\":\"emphasis\",\"image_width\":400,\"margin\":\"default\",\"text_align\":\"center\"}}]},{\"type\":\"column\",\"props\":{\"image_position\":\"center-center\",\"position_sticky_breakpoint\":\"m\",\"vertical_align\":\"middle\",\"width_medium\":\"1-2\"},\"children\":[{\"type\":\"headline\",\"props\":{\"animation\":\"slide-right\",\"content\":\"Leker og Lekeapparater:\",\"title_element\":\"h2\"}},{\"type\":\"text\",\"props\":{\"animation\":\"slide-right\",\"column_breakpoint\":\"m\",\"content\":\"\n\n<p>Barn har ofte over 500 leker, men hva trenger de egentlig? Det er et stort behov for bedre kunnskap om hvilke leker som fremmer sunn lek, og hvilke som kanskje bare er rot og un\\u00f8dvendig. Vi har utviklet alternative leker og lekekulisser som barna elsker, og som samtidig stimulerer deres kropp og sinn.<\\\/p>\",\"margin\":\"default\"}}]}]},{\"type\":\"row\",\"props\":{\"layout\":\"1-2,1-2\"},\"children\":[{\"type\":\"column\",\"props\":{\"image_position\":\"center-center\",\"position_sticky_breakpoint\":\"m\",\"vertical_align\":\"middle\",\"width_medium\":\"1-2\"},\"children\":[{\"type\":\"headline\",\"props\":{\"animation\":\"slide-left\",\"content\":\"Alternativ til skjermbruk:\",\"title_element\":\"h2\"}},{\"type\":\"text\",\"props\":{\"animation\":\"slide-left\",\"column_breakpoint\":\"m\",\"content\":\"\n\n<p>Vi tilbyr l\\u00f8sninger som er gunstige for b\\u00e5de kropp og sinn, og som gir et meningsfullt alternativ til skjermene som i dag ofte tar for mye oppmerksomhet i barns liv.<\\\/p>\",\"margin\":\"default\"}}]},{\"type\":\"column\",\"props\":{\"image_position\":\"center-center\",\"position_sticky_breakpoint\":\"m\",\"width_medium\":\"1-2\"},\"children\":[{\"type\":\"image\",\"props\":{\"animation\":\"slide-right\",\"image\":\"wp-content\\\/uploads\\\/photo-1613950190144-4f2a84c75e8c-scaled.jpg\",\"image_border\":\"rounded\",\"image_box_decoration\":\"shadow\",\"image_svg_color\":\"emphasis\",\"image_width\":400,\"margin\":\"default\",\"text_align\":\"center\"}}]}]}],\"name\":\"Om Okken O.Bay AS\"},{\"type\":\"section\",\"props\":{\"animation\":\"fade\",\"image_position\":\"center-center\",\"style\":\"muted\",\"title_breakpoint\":\"xl\",\"title_position\":\"top-left\",\"title_rotation\":\"left\",\"vertical_align\":\"middle\",\"width\":\"default\"},\"children\":[{\"type\":\"row\",\"children\":[{\"type\":\"column\",\"props\":{\"image_position\":\"center-center\",\"position_sticky_breakpoint\":\"m\"},\"children\":[{\"type\":\"headline\",\"props\":{\"content\":\"Ole Vevik\",\"text_align\":\"center\",\"title_element\":\"h2\"}}]}]}],\"name\":\"Om og kontakt - Header\"},{\"type\":\"section\",\"props\":{\"animation\":\"fade\",\"height\":\"viewport\",\"id\":\"om\",\"image_position\":\"center-center\",\"style\":\"default\",\"title_breakpoint\":\"xl\",\"title_position\":\"top-left\",\"title_rotation\":\"left\",\"vertical_align\":\"middle\",\"width\":\"default\"},\"children\":[{\"type\":\"row\",\"props\":{\"layout\":\"1-2,1-2\",\"margin\":\"xlarge\"},\"children\":[{\"type\":\"column\",\"props\":{\"image_position\":\"center-center\",\"position_sticky_breakpoint\":\"m\",\"width_medium\":\"1-2\"},\"children\":[{\"type\":\"image\",\"props\":{\"animation\":\"slide-left\",\"image\":\"wp-content\\\/uploads\\\/2024\\\/08\\\/oleVevikProfilBilde.png\",\"image_border\":\"rounded\",\"image_box_decoration\":\"shadow\",\"image_box_shadow\":\"medium\",\"image_svg_color\":\"emphasis\",\"margin\":\"default\",\"text_align\":\"center\"}}]},{\"type\":\"column\",\"props\":{\"image_position\":\"center-center\",\"position_sticky_breakpoint\":\"m\",\"vertical_align\":\"middle\",\"width_medium\":\"1-2\"},\"children\":[{\"type\":\"headline\",\"props\":{\"animation\":\"slide-right\",\"content\":\"Om meg:\",\"title_element\":\"h3\"}},{\"type\":\"text\",\"props\":{\"animation\":\"slide-right\",\"column_breakpoint\":\"m\",\"content\":\"\n\n<p>Jeg er en godt voksen mann med bakgrunn som ingeni\\u00f8r og erfaring fra oppvekstbransjen, blant annet gjennom 13 \\u00e5r med drift av egen familiebarnehage. Jeg er en grunder som brenner for barns utvikling og lek. Med empati, instinkt og intuisjon har jeg utviklet nye l\\u00f8sninger som kan forbedre barns lek og trivsel. Mine ideer og visjoner er forankret i en dyp forst\\u00e5else av barns behov, og jeg ser p\\u00e5 lek som en n\\u00f8kkel til sunn utvikling.<\\\/p>\",\"margin\":\"default\"}},{\"type\":\"headline\",\"props\":{\"animation\":\"slide-right\",\"content\":\"Kontakt meg p\\u00e5:\",\"title_element\":\"h3\"}},{\"type\":\"button\",\"props\":{\"animation\":\"slide-right\",\"grid_column_gap\":\"small\",\"grid_row_gap\":\"small\",\"margin\":\"default\"},\"children\":[{\"type\":\"button_item\",\"props\":{\"button_style\":\"default\",\"content\":\"ole.vevik@gmail.com\",\"icon\":\"mail\",\"icon_align\":\"left\",\"link\":\"mailto:ole.vevik@gmail.com\"}},{\"type\":\"button_item\",\"props\":{\"button_style\":\"default\",\"content\":\"936 63 354\",\"icon\":\"receiver\",\"icon_align\":\"left\",\"link\":\"tel:93663354\"}}]}]}]}],\"name\":\"Om og kontakt\"}],\"version\":\"4.4.8\"} --><\/p>\n","protected":false},"excerpt":{"rendered":"<p>PRESENTASJON AV OKKEN O.BAY AS Frigj\u00f8r barnets potensiale gjennom lek. BARNS UTVIKLING: Det er en \u00f8kende erkjennelse av en grunnleggende mangel p\u00e5 kunnskap om barns utvikling blant pedagoger p\u00e5 alle niv\u00e5er, selv blant de s\u00e5kalte ekspertene. Mange ser at det finnes utfordringer og problemer, men l\u00f8sningene uteblir. Utviklingen beveger seg dessverre i feil retning. Selv [&hellip;]<\/p>\n","protected":false},"author":2,"featured_media":0,"parent":0,"menu_order":0,"comment_status":"closed","ping_status":"closed","template":"","meta":{"footnotes":""},"class_list":["post-5","page","type-page","status-publish","hentry"],"_links":{"self":[{"href":"https:\/\/okkenobay.no\/index.php?rest_route=\/wp\/v2\/pages\/5","targetHints":{"allow":["GET"]}}],"collection":[{"href":"https:\/\/okkenobay.no\/index.php?rest_route=\/wp\/v2\/pages"}],"about":[{"href":"https:\/\/okkenobay.no\/index.php?rest_route=\/wp\/v2\/types\/page"}],"author":[{"embeddable":true,"href":"https:\/\/okkenobay.no\/index.php?rest_route=\/wp\/v2\/users\/2"}],"replies":[{"embeddable":true,"href":"https:\/\/okkenobay.no\/index.php?rest_route=%2Fwp%2Fv2%2Fcomments&post=5"}],"version-history":[{"count":183,"href":"https:\/\/okkenobay.no\/index.php?rest_route=\/wp\/v2\/pages\/5\/revisions"}],"predecessor-version":[{"id":206,"href":"https:\/\/okkenobay.no\/index.php?rest_route=\/wp\/v2\/pages\/5\/revisions\/206"}],"wp:attachment":[{"href":"https:\/\/okkenobay.no\/index.php?rest_route=%2Fwp%2Fv2%2Fmedia&parent=5"}],"curies":[{"name":"wp","href":"https:\/\/api.w.org\/{rel}","templated":true}]}}